 0, -3*i + 6*i - v = -2*t. Let h(c) = 149 + 3*c - 154 + t*c - 4*c. Calculate h(-4).
-9
Let m(c) = 18*c - 71. Let j be m(4). Let t(k) = -1 + j - 50*k + 13*k**2 + 47*k - 19*k**2. Let h(f) = f + 4. Let s be h(-6). Calculate t(s).
-18
Let g(w) = 10*w + 122. Let o be g(-12). Suppose l = o, 2*v - 8*l = -6*l. Let d(q) = -1 - 2*q - 2*q + 6*q. Give d(v).
3
Let g(k) = 2*k**2 + 16*k - 7. Let r be (-200)/(-24)*117/(-65). Give g(r).
203
Suppose 2*y - 3*y - 5*z - 15 = 0, -5*z = -2*y + 30. Let w(a) = -12*a**2 + 2 + y*a**2 + 4*a**2 - a - a**3. Calculate w(-3).
5
Let r(c) = -c**2 - 6*c + 9. Let d(p) = -p + 1. Suppose 10*l - 8 = 2*l. Let b(i) = l*r(i) - 4*d(i). Determine b(-4).
-3
Let s(z) = 5*z - 9 - 4*z + 20 - 1. Give s(-9).
1
Let z(r) be the third derivative of -r**7/2520 + r**6/90 - 14*r**5/15 + r**4/24 + 50*r**2. Let q(j) be the third derivative of z(j). Give q(5).
-2
Let t be -4 - (2/(4 - 6))/1. Let r be (8 - 6) + 0/1. Let u(z) = -8*z - 2*z**3 + 6*z - 5*z**r + 4 + z**3. What is u(t)?
-8
Let n(w) = -w**3 - 26*w**2 - 23*w + 49. Suppose 191*b + 1225 = -3550. Determine n(b).
-1
Let u(a) be the second derivative of a**3/2 + 65*a**2/2 - a. Let n(h) = 2*h + 43. Let r be 2096/917*14/(-4). Let s(t) = r*n(t) + 5*u(t). Give s(-8).
-11
Let j(q) = 23*q + 1527. Let g be j(-66). Let d(s) = s - 6. What is d(g)?
3
Let y(s) = 25089 - 9*s - 4*s**2 + s**3 - 25090 + 3*s. Suppose -43 = 5*j - 138. Suppose j - 44 = -5*a. Calculate y(a).
-6
Let b(x) = 2*x**3 - x**2 + 15*x + 16. Let m be b(-1). Let d(i) = -3*i**3 - 3*i**2 - 2*i + 1. Calculate d(m).
17
Let x(y) = 4*y**3 + 4*y**2 + 55*y - 57. Let q be x(1). Let c(v) = -2*v + 3*v - 1 - v**2 + 8*v. Determine c(q).
17
Let v(g) = 7*g - 72. Let a be -39*((-162)/(-117))/(-6). Calculate v(a).
-9
Suppose 2*y - 35 + 9 = 0. Let v(w) = -y*w - 13 - 17*w + 29*w. Calculate v(-6).
-7
Let l(t) = -t - 14. Let c(k) = 11*k + 28. Let z(p) = -7*p - 20. Let b(o) = 5*c(o) + 8*z(o). Let m be b(-7). Determine l(m).
-1
Suppose -16 = 4*u, 0*y - 2*u = 4*y - 244. Let i = y - 61. Let p(h) = 6 - h + 0 - 6 - 10*h**i. Calculate p(-1).
-9
Let v(r) = 14*r + 75. Suppose -5*n = -3*a + 40, 2*n + 20*a + 16 = 24*a. Calculate v(n).
-37
Let i(w) = -6*w**2 + 7*w - 2. Let b(v) = -12*v**2 + 15*v - 2. Let g(s) = 6*b(s) - 13*i(s). Let r(k) = 4*k**2 - k + 9. Let c(d) = -5*g(d) + 8*r(d). What is c(2)?
4
Let l(n) = 9 + 7*n - 18 - n**2 + 2*n**2. Let k(x) = 5*x**2 - 13*x - 15. Let s be k(3). What is l(s)?
9
Suppose -5 = 5*x, -9*x + 8*x = -4*i + 41. Suppose -i*l = 53 + 37. Let z(q) = -q - 4. Determine z(l).
5
Let l(h) = 38*h - 34. Suppose -26*j + 12*j = -14. Let b be l(j). Let y(x) = -x**2 + x + 8. Calculate y(b).
-4
Let g(l) = l**3 - 19*l**2 + 13*l + 98. Let h(t) = t**3 - 21*t**2 + 13*t + 131. Let p(w) = -3*g(w) + 2*h(w). Give p(14).
-18
Let z = -222 + 230. Suppose -14*g - z*g - 110 = 0. Let s(o) = o - o + 2 + 2*o. What is s(g)?
-8
Let a(c) = 457 + 5*c - c - 232 - 229. Determine a(11).
40
Let t(q) = 103 + q**3 + 110 + 2*q + 104 - 5*q - 314 + 7*q**2. What is t(-8)?
-37
Let d be 2/(-5)*(-16 + 11). Let t(s) = 2*s**2 - 2*s + 3. Let p be t(d). Let z(c) = -12*c + 7 + 9*c + 0*c. Give z(p).
-14
Let b(m) = -3*m + 1. Let o(g) = g**3 + 9*g**2 + 4*g - 32. Let f be o(-8). Suppose 5*c + f*q + 13 = 3*q, 2*c - q = -5. What is b(c)?
7
Suppose 623 = -22*v + 277 + 258. Let f(n) = -n**2 + 11*n + 26. What is f(v)?
-34
Let t(k) = -72*k**3 + k**2 - k + 4. Let w be t(-2). Let a(n) = -w + 1178 - 9*n - 595. Give a(-4).
33
Suppose 230 = -18*w + 23*w. Suppose 0 = -5*a - 4*x + w, 5 = -5*a - 3*x + 47. Let s(f) = 6*f - a + 18 - 9 - 2*f. Give s(-2).
-5
Let u = -34 + 37. Let k(f) = 9*f**2 - 6 + 0 + f**3 + 8 + u. Suppose -39 = 4*g - 3. Give k(g).
5
Suppose 12*b = 7*b, -v = b - 5. Suppose 2*h - 2*w = 3*h + 9, -2*h - 54 = -v*w. Let j(d) = -d**3 - 16*d**2 + 18*d + 20. What is j(h)?
3
Let c = 135 - 108. Let z(g) = -19 + 64 - c - 7*g - 19. Determine z(-3).
20
Let w(l) = -l**2 + 4*l. Let c be ((-3)/9 + 1/3)/1. Suppose 2*h + c*h + 69 = -v, h + v + 33 = 0. Let b = h + 40. What is w(b)?
0
Let d(s) be the first derivative of s**4/4 + 7*s**3/3 - s**2/2 + 5*s + 1. Let b(l) = -30*l - 3217. Let g be b(-107). Give d(g).
12
Let k(c) = 2*c**2 - 13*c - 33. Let f = 22630 + -22621. What is k(f)?
12
Let q(d) = -d**2 - 32*d + 1008. Let f be q(-52). Let r(y) = y**2 + 26*y - 192. Determine r(f).
0
Let c(m) = 2084*m + 3 - 4140*m - 7 - m**3 + 6*m**2 + m**2 + 2075*m. What is c(9)?
5
Let f(d) be the first derivative of -1/120*d**5 + 0*d**2 + 0*d + 1/72*d**6 + 7*d**3 + 30 + 0*d**4. Let a(t) be the third derivative of f(t). Give a(-1).
6
Let y(c) be the first derivative of c**3/3 - 8*c**2 - 62*c - 1161. Calculate y(19).
-5
Let q be (-3)/6*(-24)/(-4) + 5. Let s be q/5*(-2 - (-5 - 2)). Suppose 2*l + 2*p = -0 + s, p + 7 = 3*l. Let t(o) = o**3 + 2*o**2 + o - 1. Give t(l).
17
Let m(y) = -y**2 - 16*y - 22. Suppose 3245*r = 3264*r + 285. Give m(r).
-7
Let n(k) = 73*k + 102*k - k**3 - 169*k + 11 + 6*k**2. Calculate n(7).
4
Let b = -41 - -38. Let g(k) be the second derivative of -k**3/6 - 3*k**2 + 994*k. Give g(b).
-3
Let o be (-7146 - 6)/(-8) - -11. Let w = o + -907. Let f(r) = -3*r - 3*r - 3*r - 3. Calculate f(w).
15
Let y(n) = -n**2 - 7*n + 9. Let h(o) = 6*o**3 + 2*o**2 + 2*o - 9. Let d be h(0). What is y(d)?
-9
Let w(g) be the second derivative of -g**4/6 + 17*g**3/6 - 25*g**2/2 - 2840*g. Give w(10).
-55
Let c(i) = i + 0 - 2*i - 1. Let y(n) be the third derivative of n**4/12 + 2*n**3 - 1616*n**2 - 2*n. Let q(j) = 4*c(j) + y(j). Calculate q(6).
-4
Let s(j) be the third derivative of j**6/120 + j**5/15 - 11*j**4/12 - 5*j**3/3 + 23*j**2. Calculate s(-7).
-3
Suppose 15*z = 101 - 41. Let i(p) = z*p**2 - 34 - p**2 - 4*p**2. Give i(0).
-34
Let k(j) = j**2 + 5*j + 13. Let o be k(-4). Suppose o*q + 2*b = 7*q + 16, -40 = -5*q + 4*b. Let h(p) = -p**3 + 9*p**2 - 11*p + 7. What is h(q)?
-17
Let v(a) be the third derivative of 7*a**6/120 - a**5/60 - a**4/6 + 5*a**3/3 - 5252*a**2. Give v(2).
54
Let o(f) = -31*f + 155. Suppose -797*z - 45 = -783*z - 115. Determine o(z).
0
Let a(p) be the third derivative of -p**7/2520 - p**6/240 + p**4/24 + p**3 - 70*p**2. Let n(g) be the second derivative of a(g). Determine n(-5).
-10
Let j(y) = -y**3 + 10*y**2 - 5. Let z(d) = -10*d - 35. Let v be z(-15). Let k = 125 - v. Give j(k).
-5
Suppose 5*r - 58 = 3*m, 6*r - 5*r + 4*m + 16 = 0. Let s(p) = -p**3 + 9*p**2 - 59. What is s(r)?
5
Let d(b) = -b**3 + 7*b**2 - 2*b + 9. Let r(i) = -31*i + 134. Let w be r(4). Suppose -3*m + 4*g + 16 = m, -m = g - w. Determine d(m).
-5
Let h(g) = -g**3 + 3*g**2 + 5687 + g**2 - 5678 + 5*g. Give h(6).
-33
Let v(o) be the third derivative of -1/24*o**4 - 4/3*o**3 + 0*o - 18*o**2 + 0. Let u = -65 + 57. Give v(u).
0
Let b(v) = v**2 + 4*v - 12. Let z(d) = d**2 + 3*d - 46. Suppose -l - 13*s + 8*s = -30, -5*l - 2*s = -35. Let i be z(l). Give b(i).
0
Let x be (-1 + 0 - -1)/(-2). Let d(g) = g**2 + 2*g - 23. Calculate d(x).
-23
Let y(x) = -11 + 1760*x + 36 - 1755*x. What is y(11)?
80
Suppose -3*q = -3*y - 0*y - 27, 2*q - 14 = y. Let d(o) = o + 1. Let j(a) = -a**2 + 3*a + 8. Let i(u) = q*d(u) - j(u). Determine i(2).
5
Let y(l) = -2*l + 14. Let d = -8634 - -8637. Give y(d).
8
Suppose 124 = 62*z - 31*z. Suppose -5*k + x = -4*x - 45, 0 = z*k - 5*x - 39. Let y(m) be the third derivative of -m**4/24 + 5*m**3/6 - 2*m**2. What is y(k)?
-1
Let j(f) = -f**3 + 4*f**2 + 8*f - 7. Let u = -2073 - -2078. Determine j(u).
8
Let o be 32/(-6)*45/(-30). Let t(f) = 7*f + 30. Let h(y) = 11*y + 44. Let x(b) = o*t(b) - 5*h(b). Give x(-10).
10
Suppose -44 = -66*i + 44*i. Let c(b) = 44*b + 3. What is c(i)?
91
Let m = 2971 + -2960. Let a(c) = -2*c. Calculate a(m).
-22
Let r(n) = -n**2 + 2*n + 5. Suppose -483 = -5*c + 2*c. Let o be 2/5 - c/(-35). Suppose 44 = o*t + 19. What is r(t)?
-10
Suppose 4*b + 137 = 693. Suppose -3*u - 157 + b = 0. Let j(a) = -a**2 - 7*a - 6. What is j(u)?
0
Suppose q - 26 = 3*v, 79*v - 38 = 84*v - 3*q. Let d(c) = c**2 + 7*c - 21. Give d(v).
9
Let v(q) = -4 - 7 + q**2 + 13 - 3 + 4 - 4*q. What is v(3)?
0
Suppose -545 = 189*f - 164 + 753. Let x(d) = -d**2 - 27*d - 127. Give x(f).
-1
Let l(k) = -16*k - 22. Let h = -11331 - -11329. What is l(h)?
10
Let z(u) be the second derivative of 17*u**4/12 - u**3/6 - 3*u**2/2 + 739*u. Give z(-2).
67
Let z(d) be the second deriv